ommon factor of 1356 and 132577476?
1356
Calculate the greatest common factor of 20 and 371268980.
20
Calculate the highest common divisor of 84387963 and 38412.
3201
Calculate the highest common factor of 11758 and 304.
2
Calculate the highest common factor of 105118 and 3458.
26
Calculate the highest common divisor of 9872352 and 41168.
1328
What is the highest common factor of 1704 and 185799261?
213
What is the greatest common divisor of 5183 and 2343355?
71
What is the greatest common divisor of 8379112 and 224?
56
What is the greatest common factor of 2904130 and 15030?
1670
What is the highest common divisor of 18 and 328192974?
18
Calculate the highest common divisor of 651 and 34721799.
21
Calculate the greatest common divisor of 55953 and 4941.
9
Calculate the greatest common factor of 887406 and 5694.
78
Calculate the highest common factor of 1448262 and 149047.
1319
What is the highest common factor of 93 and 77733213?
93
What is the greatest common divisor of 2756 and 9697844?
52
Calculate the greatest common divisor of 12 and 5445264.
12
Calculate the highest common factor of 3289207 and 747.
83
Calculate the highest common factor of 828 and 1159545.
69
Calculate the greatest common divisor of 1090279960 and 440.
440
Calculate the highest common factor of 60 and 1405344.
12
What is the greatest common factor of 2526 and 8129931?
1263
Calculate the highest common factor of 29904501 and 187.
11
Calculate the greatest common factor of 265499285 and 170.
85
Calculate the highest common divisor of 1321 and 4150582.
1321
Calculate the highest common factor of 112 and 3433633.
7
Calculate the greatest common divisor of 15365 and 972405.
35
Calculate the highest common factor of 1037 and 3393914.
17
Calculate the greatest common divisor of 2190 and 65958.
6
What is the highest common divisor of 32881815 and 1306?
653
What is the greatest common divisor of 55633891 and 61?
61
What is the highest common factor of 22204553 and 889?
889
What is the greatest common factor of 2244 and 2212211496?
2244
Calculate the greatest common factor of 2486 and 4949174.
226
Calculate the greatest common factor of 1126945 and 6425.
1285
What is the greatest common factor of 40120 and 9808160?
2360
What is the highest common factor of 86086 and 84710?
86
Calculate the highest common factor of 49728 and 78368.
32
What is the highest common factor of 3 and 6070863?
3
Calculate the greatest common factor of 631950 and 1485.
165
What is the highest common divisor of 120 and 106304720?
40
Calculate the greatest common factor of 56451378 and 24.
6
Calculate the greatest common divisor of 87764 and 1990701.
593
What is the highest common factor of 25 and 3349740?
5
What is the greatest common divisor of 54188 and 860684?
124
Calculate the greatest common divisor of 3201531868 and 7412.
7412
What is the greatest common factor of 9191346 and 11022?
1002
What is the highest common divisor of 2987 and 261029?
29
What is the highest common factor of 54 and 246239163?
27
What is the greatest common divisor of 1370538 and 2574?
234
What is the highest common divisor of 154 and 32165595?
77
Calculate the greatest common divisor of 12655940 and 990.
110
Calculate the greatest common divisor of 85739802 and 38974.
2998
Calculate the greatest common divisor of 3484 and 26163098.
1742
What is the greatest common factor of 48279753 and 9?
9
What is the highest common factor of 12148 and 231580361?
3037
What is the highest common factor of 6345 and 4101690?
705
What is the greatest common divisor of 625 and 800435?
5
Calculate the greatest common factor of 2107214242 and 1106.
1106
Calculate the greatest common factor of 363427116 and 1804.
164
Calculate the highest common divisor of 64969335 and 5115.
465
Calculate the highest common factor of 12631 and 1683.
17
Calculate the greatest common factor of 27040 and 49991240.
520
Calculate the highest common divisor of 399894 and 59345.
913
What is the highest common factor of 818 and 16277382?
818
Calculate the highest common divisor of 720283850 and 1430.
1430
Calculate the highest common divisor of 130470 and 3651.
3
What is the greatest common divisor of 990 and 141851985?
165
Calculate the greatest common factor of 66608 and 1348444.
92
Calculate the greatest common factor of 1609296 and 81744.
624
Calculate the highest common divisor of 16 and 97344112.
16
What is the greatest common factor of 36 and 165475638?
18
What is the greatest common factor of 29351248 and 55216?
7888
What is the highest common divisor of 512688281 and 1834?
917
What is the highest common divisor of 109137 and 573?
3
What is the greatest common divisor of 68746 and 8775334?
1858
What is the highest common divisor of 1633850 and 34850?
2050
What is the highest common factor of 85546968 and 1976?
1976
What is the highest common divisor of 60 and 1665348?
12
What is the greatest common divisor of 105210 and 6380402?
2338
Calculate the highest common factor of 69984 and 13990239.
2187
What is the highest common divisor of 108919 and 5203?
43
What is the highest common divisor of 40090 and 5028130?
2110
What is the highest common factor of 366060526 and 43498?
6214
Calculate the highest common divisor of 10865 and 114269378.
2173
Calculate the greatest common factor of 1117949701 and 173.
173
Calculate the greatest common factor of 33154515 and 90.
45
What is the greatest common factor of 400 and 77269870?
10
What is the highest common factor of 62280750 and 15750?
5250
What is the highest common divisor of 5979376 and 39?
13
What is the highest common divisor of 65042544 and 226389?
9843
What is the greatest common divisor of 5665360 and 2944?
368
Calculate the greatest common factor of 81725 and 30822.
467
Calculate the greatest common factor of 1338267644 and 868.
868
Calculate the greatest common factor of 125835 and 71835.
15
Calculate the greatest common factor of 1136 and 29955184.
1136
What is the highest common factor of 182179755 and 135?
45
What is the greatest common factor of 62 and 33558461?
31
What is the highest common factor of 1479 and 32098679?
29
Calculate the greatest common factor of 2990 and 784420.
130
Calculate the highest common divisor of 28 and 1577804.
4
What is the highest common factor of 44268342 and 18?
6
What is the greatest common divisor of 937 and 74845686?
937
Calculate the greatest common divisor of 178753746 and 184.
46
What is the greatest common factor of 3927200 and 800?
800
What is the greatest common factor of 21414 and 463368?
258
Calculate the greatest common divisor of 14409920 and 849856.
3136
Calculate the greatest common factor of 509128155 and 17.
17
What is the highest common divisor of 143384114 and 10866?
3622
Calculate the greatest common factor of 4088 and 17338384.
56
Calculate the highest common factor of 240840 and 107190.
270
Calculate the greatest common divisor of 31624 and 493771.
59
Calculate the greatest common factor of 294 and 994798.
98
What is the greatest common factor of 98397663 and 21063?
1239
Calculate the highest common factor of 216 and 41861376.
72
Calculate the highest common divisor of 2297322 and 19071.
1467
Calculate the greatest common divisor of 26001 and 58642848.
963
What is the greatest common factor of 1590 and 1004734515?
795
Calculate the greatest common factor of 148 and 40818215.
37
What is the highest common divisor of 477 and 7631788?
53
What is the greatest common factor of 3328 and 18311488?
832
Calculate the greatest common divisor of 1901137 and 9114.
217
What is the greatest common factor of 4267384 and 40297?
683
Calculate the highest common divisor of 1745190 and 14265.
45
Calculate the highest common divisor of 137 and 8253839.
137
Calculate the greatest common divisor of 10670 and 182380.
110
Calculate the highest common divisor of 290691 and 129.
3
What is the highest common factor of 38 and 149568323?
19
Calculate the greatest common divisor of 215996785 and 145.
145
Calculate the highest common factor of 73997 and 27776.
217
What is the highest common divisor of 60 and 53483970?
30
What is the highest common divisor of 6237 and 149121?
567
Calculate the highest common divisor of 489 and 70431159.
489
Calculate the greatest common divisor of 3854 a